{"id":646,"date":"2022-11-01T13:54:25","date_gmt":"2022-11-01T12:54:25","guid":{"rendered":"http:\/\/astridfasching.ch\/Wordpress\/?page_id=646"},"modified":"2025-07-22T11:16:47","modified_gmt":"2025-07-22T10:16:47","slug":"in-balance","status":"publish","type":"page","link":"https:\/\/astridfasching.ch\/Wordpress\/in-balance\/","title":{"rendered":"In Balance"},"content":{"rendered":"<p><strong>Bis auf weiteres bleibt die Praxis geschlossen!!!!<\/strong><\/p>\n<p>&nbsp;<\/p>\n<p>Alle meine Behandlungsmethoden sind untereinander kombinierbar.<br \/>\nJe nach Symptomen und Beschwerden w\u00e4hle ich zusammen mit Ihnen die geeignete Behandlungskombination.<\/p>\n<p>Sie buchen wie folgt:<\/p>\n<p>1 Stunde<br \/>\nKosten: 110 Franken<\/p>\n<p>90 Minuten<br \/>\nKosten: 160 Franken<\/p>\n<p>Zu Bezahlen in bar oder per Twint<\/p>\n<p><a href=\"info@astridfasching.ch\">info@astridfasching.ch<\/a> oder\u00a0 <a href=\"http:\/\/079 735 10 67\">079 735 10 67<\/a><\/p>\n<p>&nbsp;<\/p>\n<hr \/>\n<h3>Manuelle Schmerztherapie<\/h3>\n<p>Sie haben schon alles m\u00f6gliche ausprobiert und nichts hat Linderung gebracht?<br \/>\nSie leiden unter:<\/p>\n<p>Kopfschmerzen, Migr\u00e4ne<br \/>\nNackenschmerzen<br \/>\nSchulterschmerzen, Frozen Shoulder<br \/>\nR\u00fcckenschmerzen, Bandscheibenvorf\u00e4lle, Ischialgien<br \/>\nH\u00fcfte, Knie oder Fussschmerzen, Fersensporn&#8230;<\/p>\n<p>Die manuelle Schmerztherapie wirkt innerhalb von wenigen Minuten.<br \/>\nSie liegen auf der Massageliege. Mit gezielten Handgriffen lassen sich Ihre Muskeln entspannen, sodass anstelle des Schmerzes Wohlgef\u00fchl eintritt.<\/p>\n<p>Diese Behandlung wird immer mit einer Dornbehandlung, dem Richten aller Gelenke und einer Massage kombiniert.<\/p>\n<p>&nbsp;<\/p>\n<p><a href=\"http:\/\/astridfasching.ch\/Wordpress\/wp-content\/uploads\/2023\/01\/jf_DSC00292.jpg\"><img loading=\"lazy\" decoding=\"async\" class=\"alignnone size-medium wp-image-660\" src=\"http:\/\/astridfasching.ch\/Wordpress\/wp-content\/uploads\/2023\/01\/jf_DSC00292-200x300.jpg\" alt=\"\" width=\"200\" height=\"300\" srcset=\"https:\/\/astridfasching.ch\/Wordpress\/wp-content\/uploads\/2023\/01\/jf_DSC00292-200x300.jpg 200w, https:\/\/astridfasching.ch\/Wordpress\/wp-content\/uploads\/2023\/01\/jf_DSC00292-768x1152.jpg 768w, https:\/\/astridfasching.ch\/Wordpress\/wp-content\/uploads\/2023\/01\/jf_DSC00292-683x1024.jpg 683w\" sizes=\"auto, (max-width: 200px) 100vw, 200px\" \/><\/a><a href=\"http:\/\/astridfasching.ch\/Wordpress\/wp-content\/uploads\/2023\/01\/jf_DSC00238.jpg\"><img loading=\"lazy\" decoding=\"async\" class=\"alignnone wp-image-665\" src=\"http:\/\/astridfasching.ch\/Wordpress\/wp-content\/uploads\/2023\/01\/jf_DSC00238-200x300.jpg\" alt=\"\" width=\"199\" height=\"299\" srcset=\"https:\/\/astridfasching.ch\/Wordpress\/wp-content\/uploads\/2023\/01\/jf_DSC00238-200x300.jpg 200w, https:\/\/astridfasching.ch\/Wordpress\/wp-content\/uploads\/2023\/01\/jf_DSC00238-768x1152.jpg 768w, https:\/\/astridfasching.ch\/Wordpress\/wp-content\/uploads\/2023\/01\/jf_DSC00238-683x1024.jpg 683w\" sizes=\"auto, (max-width: 199px) 100vw, 199px\" \/><\/a><\/p>\n<p>&nbsp;<\/p>\n<hr \/>\n<h3>Fussreflexzonenmassage<\/h3>\n<p><span class=\"ILfuVd\" lang=\"de\"><span class=\"hgKElc\">Bei der Fussreflexzonenmassage geht man davon aus, dass sich der gesamte K\u00f6rper auf dem Fuss in den Reflexzonen widerspiegelt. So kann man auf den Gesamtablauf der Lebenskr\u00e4fte des Organismus Einfluss nehmen, sodass ein heilender Impuls \u00fcber die F\u00fcsse auf den K\u00f6rper abgegeben werden kann. Die F\u00fcsse werden durch leichten Druck, speziellen Griffen und kreisenden Bewegungen behandelt.<\/span><\/span><\/p>\n<p>Nebst Griffe der klassischen Fussreflexzonenmassage lasse ich meine H\u00e4nde intuitiv arbeiten und kombiniere auch dies mit anderen Methoden<\/p>\n<p>&nbsp;<\/p>\n<h3><img loading=\"lazy\" decoding=\"async\" class=\"thumbnail\" src=\"https:\/\/astridfasching.ch\/Wordpress\/wp-content\/uploads\/2024\/12\/DSC03041_edit.jpg\" alt=\"\" width=\"294\" height=\"196\" \/><\/h3>\n<p>&nbsp;<\/p>\n<hr \/>\n<h3>Breussmassage<\/h3>\n<p>Die Breussmassage ist eine energetische R\u00fcckenmassage und l\u00e4sst sich wunderbar mit einer Dorntherapie oder dem Jin Shin Jyutsu verbinden, kann jedoch auch einzeln gebucht werden.<br \/>\nSie wird zur St\u00e4rkung und bei Energieblockaden eingesetzt.<\/p>\n<p>Die Bandscheiben werden regeneriert, Verspannungen l\u00f6sen sich und eine seelisch-k\u00f6rperliche Entspannung wird eingeleitet.<\/p>\n<p>&nbsp;<\/p>\n<p><a href=\"http:\/\/astridfasching.ch\/Wordpress\/wp-content\/uploads\/2023\/01\/jf_DSC00319.jpg\"><img loading=\"lazy\" decoding=\"async\" class=\"alignnone size-medium wp-image-663\" src=\"http:\/\/astridfasching.ch\/Wordpress\/wp-content\/uploads\/2023\/01\/jf_DSC00319-300x200.jpg\" alt=\"\" width=\"300\" height=\"200\" srcset=\"https:\/\/astridfasching.ch\/Wordpress\/wp-content\/uploads\/2023\/01\/jf_DSC00319-300x200.jpg 300w, https:\/\/astridfasching.ch\/Wordpress\/wp-content\/uploads\/2023\/01\/jf_DSC00319-768x512.jpg 768w, https:\/\/astridfasching.ch\/Wordpress\/wp-content\/uploads\/2023\/01\/jf_DSC00319-1024x683.jpg 1024w\" sizes=\"auto, (max-width: 300px) 100vw, 300px\" \/><\/a><\/p>\n<p>&nbsp;<\/p>\n<hr \/>\n<h3>Dorntherapie<\/h3>\n<p>Leiden Sie unter R\u00fcckenschmerzen, Schulter-oder Nackenverpannungen?<br \/>\nHaben Sie Probleme mit Ihrer H\u00fcfte, dem Knie oder den F\u00fcssen?<br \/>\nF\u00fchlen Sie sich m\u00fcde?<br \/>\nVerschobene Wirbel und dadurch verkrampfte Muskeln k\u00f6nnten die Ursache der Schmerzen und der M\u00fcdigkeit sein.<\/p>\n<p>Durch Stress und einseitige Belastung k\u00f6nnen sich die R\u00fcckenwirbel verschieben und auf\u00a0 die Nerven dr\u00fccken. Es entstehen Energieblockaden, die das entsprechende Organ in Mitleidenschaft zieht. Organe, Haut, Ohren und Augen k\u00f6nnen betroffen sein.<\/p>\n<p>Durch das Abtasten der Wirbel und deren Ausrichtung von Fuss bis Kopf lassen die Beschwerden meist innerhalb k\u00fcrzester Zeit nach, die Nerven sind freigelegt und\u00a0 die Energie fliesst wieder.<\/p>\n<p>Die Behandlung findet im Liegen, Sitzen sowie im Stehen, in\u00a0 Bekleidung statt.<br \/>\nSie kann wunderbar kombiniert werden mit meinen zus\u00e4tzlichen Angeboten wie der manuellen Schmerztherapie, der Breussmassage oder dem Jin Shin Jyutsu.<\/p>\n<p>Da diese Behandlungsform sehr effizient ist und ich Ihnen Selbst\u00fcbungen mit nach Hause gebe, ist eine Sequenz von circa 1-3 Mal ausreichend<\/p>\n<p>&nbsp;<\/p>\n<p><a href=\"http:\/\/astridfasching.ch\/Wordpress\/wp-content\/uploads\/2023\/01\/jf_DSC00255.jpg\"><img loading=\"lazy\" decoding=\"async\" class=\"alignnone size-medium wp-image-662\" src=\"http:\/\/astridfasching.ch\/Wordpress\/wp-content\/uploads\/2023\/01\/jf_DSC00255-200x300.jpg\" alt=\"\" width=\"200\" height=\"300\" srcset=\"https:\/\/astridfasching.ch\/Wordpress\/wp-content\/uploads\/2023\/01\/jf_DSC00255-200x300.jpg 200w, https:\/\/astridfasching.ch\/Wordpress\/wp-content\/uploads\/2023\/01\/jf_DSC00255-768x1152.jpg 768w, https:\/\/astridfasching.ch\/Wordpress\/wp-content\/uploads\/2023\/01\/jf_DSC00255-683x1024.jpg 683w\" sizes=\"auto, (max-width: 200px) 100vw, 200px\" \/><\/a><\/p>\n<p>&nbsp;<\/p>\n<hr \/>\n<h3><strong>Jin Shin Jyutsu Behandlungen<\/strong><\/h3>\n<p>Jin Shin Jyutsu ist ein Weg, die Lebensenergie in K\u00f6rper, Geist und Seele in Fluss zu bringen.<br \/>\nSie liegen dazu bekleidet auf der Liege.<br \/>\nIndem ich meine H\u00e4nde in einem bestimmten Ablauf auf Ihre Energieschl\u00f6sser am K\u00f6rper lege, kann sich Ihr seelischer, k\u00f6rperlicher und geistiger Zustand ausbalancieren.<br \/>\nBlockaden l\u00f6sen sich auf und Symptome k\u00f6nnen verschwinden.<br \/>\nJin Shin Jyutsu eignet sich auch zur Gesundheitsvorsorge.<\/p>\n<p>Eine JSJ Behandlung l\u00e4sst sich wunderbar mit den obgenannten Therapieangeboten kombinieren<\/p>\n<p>&nbsp;<\/p>\n<p><a href=\"http:\/\/astridfasching.ch\/Wordpress\/wp-content\/uploads\/2023\/02\/jf_DSC00300.jpg\"><img loading=\"lazy\" decoding=\"async\" class=\"alignnone size-medium wp-image-702\" src=\"http:\/\/astridfasching.ch\/Wordpress\/wp-content\/uploads\/2023\/02\/jf_DSC00300-300x200.jpg\" alt=\"\" width=\"300\" height=\"200\" srcset=\"https:\/\/astridfasching.ch\/Wordpress\/wp-content\/uploads\/2023\/02\/jf_DSC00300-300x200.jpg 300w, https:\/\/astridfasching.ch\/Wordpress\/wp-content\/uploads\/2023\/02\/jf_DSC00300-768x512.jpg 768w, https:\/\/astridfasching.ch\/Wordpress\/wp-content\/uploads\/2023\/02\/jf_DSC00300-1024x683.jpg 1024w\" sizes=\"auto, (max-width: 300px) 100vw, 300px\" \/><\/a><\/p>\n<p>&nbsp;<\/p>\n<hr \/>\n<h3>Klassische R\u00fccken- und Nackenmassage<\/h3>\n<p>Tragen Sie viel auf den Schultern?<br \/>\nBrauchen Sie Kraft, aufrecht zu gehen und f\u00fcr sich einzustehen?<br \/>\nLeiden Sie an Schmerzen und Verspannungen?<br \/>\nM\u00f6chten Sie sich gesundheitsf\u00f6rdernd eine Entspannung g\u00f6nnen?<\/p>\n<p>Mit speziellen Massagetechniken l\u00f6se ich die Muskulatur, sodass sie sich entspannen kann und sich Wohlbefinden einstellt.<br \/>\nDiese Form von Behandlung ist einzeln oder in Kombination mit anderen Behandlungsmethoden kombinierbar.<\/p>\n<p>&nbsp;<\/p>\n<p><a href=\"http:\/\/astridfasching.ch\/Wordpress\/wp-content\/uploads\/2023\/02\/jf_DSC00338-1.jpg\"><img loading=\"lazy\" decoding=\"async\" class=\"alignnone size-medium wp-image-699\" src=\"http:\/\/astridfasching.ch\/Wordpress\/wp-content\/uploads\/2023\/02\/jf_DSC00338-1-176x300.jpg\" alt=\"\" width=\"176\" height=\"300\" srcset=\"https:\/\/astridfasching.ch\/Wordpress\/wp-content\/uploads\/2023\/02\/jf_DSC00338-1-176x300.jpg 176w, https:\/\/astridfasching.ch\/Wordpress\/wp-content\/uploads\/2023\/02\/jf_DSC00338-1-768x1310.jpg 768w, https:\/\/astridfasching.ch\/Wordpress\/wp-content\/uploads\/2023\/02\/jf_DSC00338-1-601x1024.jpg 601w\" sizes=\"auto, (max-width: 176px) 100vw, 176px\" \/><\/a><\/p>\n<p>&nbsp;<\/p>\n<hr \/>\n","protected":false},"excerpt":{"rendered":"<p>Bis auf weiteres bleibt die Praxis geschlossen!!!! &nbsp; Alle meine Behandlungsmethoden sind untereinander kombinierbar. Je nach Symptomen und Beschwerden w\u00e4hle ich zusammen mit Ihnen die geeignete Behandlungskombination. Sie buchen wie folgt: 1 Stunde Kosten: 110 Franken 90 Minuten Kosten: 160 Franken Zu Bezahlen in bar oder per Twint info@astridfasching.ch oder\u00a0 079 735 10 67 &nbsp; [&hellip;]<\/p>\n","protected":false},"author":1,"featured_media":0,"parent":0,"menu_order":0,"comment_status":"closed","ping_status":"closed","template":"","meta":{"footnotes":""},"class_list":["post-646","page","type-page","status-publish","hentry"],"yoast_head":"<!-- This site is optimized with the Yoast SEO plugin v26.9 - https:\/\/yoast.com\/product\/yoast-seo-wordpress\/ -->\n<title>In Balance - Astrid Fasching<\/title>\n<meta name=\"robots\" content=\"index, follow, max-snippet:-1, max-image-preview:large, max-video-preview:-1\" \/>\n<link rel=\"canonical\" href=\"https:\/\/astridfasching.ch\/Wordpress\/in-balance\/\" \/>\n<meta property=\"og:locale\" content=\"de_DE\" \/>\n<meta property=\"og:type\" content=\"article\" \/>\n<meta property=\"og:title\" content=\"In Balance - Astrid Fasching\" \/>\n<meta property=\"og:description\" content=\"Bis auf weiteres bleibt die Praxis geschlossen!!!! &nbsp; Alle meine Behandlungsmethoden sind untereinander kombinierbar. Je nach Symptomen und Beschwerden w\u00e4hle ich zusammen mit Ihnen die geeignete Behandlungskombination. Sie buchen wie folgt: 1 Stunde Kosten: 110 Franken 90 Minuten Kosten: 160 Franken Zu Bezahlen in bar oder per Twint info@astridfasching.ch oder\u00a0 079 735 10 67 &nbsp; [&hellip;]\" \/>\n<meta property=\"og:url\" content=\"https:\/\/astridfasching.ch\/Wordpress\/in-balance\/\" \/>\n<meta property=\"og:site_name\" content=\"Astrid Fasching\" \/>\n<meta property=\"article:modified_time\" content=\"2025-07-22T10:16:47+00:00\" \/>\n<meta property=\"og:image\" content=\"http:\/\/astridfasching.ch\/Wordpress\/wp-content\/uploads\/2023\/01\/jf_DSC00292-200x300.jpg\" \/>\n<meta name=\"twitter:card\" content=\"summary_large_image\" \/>\n<meta name=\"twitter:label1\" content=\"Gesch\u00e4tzte Lesezeit\" \/>\n\t<meta name=\"twitter:data1\" content=\"3\u00a0Minuten\" \/>\n<script type=\"application\/ld+json\" class=\"yoast-schema-graph\">{\"@context\":\"https:\/\/schema.org\",\"@graph\":[{\"@type\":\"WebPage\",\"@id\":\"https:\/\/astridfasching.ch\/Wordpress\/in-balance\/\",\"url\":\"https:\/\/astridfasching.ch\/Wordpress\/in-balance\/\",\"name\":\"In Balance - Astrid Fasching\",\"isPartOf\":{\"@id\":\"https:\/\/astridfasching.ch\/Wordpress\/#website\"},\"primaryImageOfPage\":{\"@id\":\"https:\/\/astridfasching.ch\/Wordpress\/in-balance\/#primaryimage\"},\"image\":{\"@id\":\"https:\/\/astridfasching.ch\/Wordpress\/in-balance\/#primaryimage\"},\"thumbnailUrl\":\"http:\/\/astridfasching.ch\/Wordpress\/wp-content\/uploads\/2023\/01\/jf_DSC00292-200x300.jpg\",\"datePublished\":\"2022-11-01T12:54:25+00:00\",\"dateModified\":\"2025-07-22T10:16:47+00:00\",\"breadcrumb\":{\"@id\":\"https:\/\/astridfasching.ch\/Wordpress\/in-balance\/#breadcrumb\"},\"inLanguage\":\"de\",\"potentialAction\":[{\"@type\":\"ReadAction\",\"target\":[\"https:\/\/astridfasching.ch\/Wordpress\/in-balance\/\"]}]},{\"@type\":\"ImageObject\",\"inLanguage\":\"de\",\"@id\":\"https:\/\/astridfasching.ch\/Wordpress\/in-balance\/#primaryimage\",\"url\":\"https:\/\/astridfasching.ch\/Wordpress\/wp-content\/uploads\/2023\/01\/jf_DSC00292.jpg\",\"contentUrl\":\"https:\/\/astridfasching.ch\/Wordpress\/wp-content\/uploads\/2023\/01\/jf_DSC00292.jpg\",\"width\":4000,\"height\":6000},{\"@type\":\"BreadcrumbList\",\"@id\":\"https:\/\/astridfasching.ch\/Wordpress\/in-balance\/#breadcrumb\",\"itemListElement\":[{\"@type\":\"ListItem\",\"position\":1,\"name\":\"Startseite\",\"item\":\"https:\/\/astridfasching.ch\/Wordpress\/\"},{\"@type\":\"ListItem\",\"position\":2,\"name\":\"In Balance\"}]},{\"@type\":\"WebSite\",\"@id\":\"https:\/\/astridfasching.ch\/Wordpress\/#website\",\"url\":\"https:\/\/astridfasching.ch\/Wordpress\/\",\"name\":\"Astrid Fasching\",\"description\":\"\",\"potentialAction\":[{\"@type\":\"SearchAction\",\"target\":{\"@type\":\"EntryPoint\",\"urlTemplate\":\"https:\/\/astridfasching.ch\/Wordpress\/?s={search_term_string}\"},\"query-input\":{\"@type\":\"PropertyValueSpecification\",\"valueRequired\":true,\"valueName\":\"search_term_string\"}}],\"inLanguage\":\"de\"}]}<\/script>\n<!-- \/ Yoast SEO plugin. -->","yoast_head_json":{"title":"In Balance - Astrid Fasching","robots":{"index":"index","follow":"follow","max-snippet":"max-snippet:-1","max-image-preview":"max-image-preview:large","max-video-preview":"max-video-preview:-1"},"canonical":"https:\/\/astridfasching.ch\/Wordpress\/in-balance\/","og_locale":"de_DE","og_type":"article","og_title":"In Balance - Astrid Fasching","og_description":"Bis auf weiteres bleibt die Praxis geschlossen!!!! &nbsp; Alle meine Behandlungsmethoden sind untereinander kombinierbar. Je nach Symptomen und Beschwerden w\u00e4hle ich zusammen mit Ihnen die geeignete Behandlungskombination. Sie buchen wie folgt: 1 Stunde Kosten: 110 Franken 90 Minuten Kosten: 160 Franken Zu Bezahlen in bar oder per Twint info@astridfasching.ch oder\u00a0 079 735 10 67 &nbsp; [&hellip;]","og_url":"https:\/\/astridfasching.ch\/Wordpress\/in-balance\/","og_site_name":"Astrid Fasching","article_modified_time":"2025-07-22T10:16:47+00:00","og_image":[{"url":"http:\/\/astridfasching.ch\/Wordpress\/wp-content\/uploads\/2023\/01\/jf_DSC00292-200x300.jpg","type":"","width":"","height":""}],"twitter_card":"summary_large_image","twitter_misc":{"Gesch\u00e4tzte Lesezeit":"3\u00a0Minuten"},"schema":{"@context":"https:\/\/schema.org","@graph":[{"@type":"WebPage","@id":"https:\/\/astridfasching.ch\/Wordpress\/in-balance\/","url":"https:\/\/astridfasching.ch\/Wordpress\/in-balance\/","name":"In Balance - Astrid Fasching","isPartOf":{"@id":"https:\/\/astridfasching.ch\/Wordpress\/#website"},"primaryImageOfPage":{"@id":"https:\/\/astridfasching.ch\/Wordpress\/in-balance\/#primaryimage"},"image":{"@id":"https:\/\/astridfasching.ch\/Wordpress\/in-balance\/#primaryimage"},"thumbnailUrl":"http:\/\/astridfasching.ch\/Wordpress\/wp-content\/uploads\/2023\/01\/jf_DSC00292-200x300.jpg","datePublished":"2022-11-01T12:54:25+00:00","dateModified":"2025-07-22T10:16:47+00:00","breadcrumb":{"@id":"https:\/\/astridfasching.ch\/Wordpress\/in-balance\/#breadcrumb"},"inLanguage":"de","potentialAction":[{"@type":"ReadAction","target":["https:\/\/astridfasching.ch\/Wordpress\/in-balance\/"]}]},{"@type":"ImageObject","inLanguage":"de","@id":"https:\/\/astridfasching.ch\/Wordpress\/in-balance\/#primaryimage","url":"https:\/\/astridfasching.ch\/Wordpress\/wp-content\/uploads\/2023\/01\/jf_DSC00292.jpg","contentUrl":"https:\/\/astridfasching.ch\/Wordpress\/wp-content\/uploads\/2023\/01\/jf_DSC00292.jpg","width":4000,"height":6000},{"@type":"BreadcrumbList","@id":"https:\/\/astridfasching.ch\/Wordpress\/in-balance\/#breadcrumb","itemListElement":[{"@type":"ListItem","position":1,"name":"Startseite","item":"https:\/\/astridfasching.ch\/Wordpress\/"},{"@type":"ListItem","position":2,"name":"In Balance"}]},{"@type":"WebSite","@id":"https:\/\/astridfasching.ch\/Wordpress\/#website","url":"https:\/\/astridfasching.ch\/Wordpress\/","name":"Astrid Fasching","description":"","potentialAction":[{"@type":"SearchAction","target":{"@type":"EntryPoint","urlTemplate":"https:\/\/astridfasching.ch\/Wordpress\/?s={search_term_string}"},"query-input":{"@type":"PropertyValueSpecification","valueRequired":true,"valueName":"search_term_string"}}],"inLanguage":"de"}]}},"_links":{"self":[{"href":"https:\/\/astridfasching.ch\/Wordpress\/wp-json\/wp\/v2\/pages\/646","targetHints":{"allow":["GET"]}}],"collection":[{"href":"https:\/\/astridfasching.ch\/Wordpress\/wp-json\/wp\/v2\/pages"}],"about":[{"href":"https:\/\/astridfasching.ch\/Wordpress\/wp-json\/wp\/v2\/types\/page"}],"author":[{"embeddable":true,"href":"https:\/\/astridfasching.ch\/Wordpress\/wp-json\/wp\/v2\/users\/1"}],"replies":[{"embeddable":true,"href":"https:\/\/astridfasching.ch\/Wordpress\/wp-json\/wp\/v2\/comments?post=646"}],"version-history":[{"count":25,"href":"https:\/\/astridfasching.ch\/Wordpress\/wp-json\/wp\/v2\/pages\/646\/revisions"}],"predecessor-version":[{"id":749,"href":"https:\/\/astridfasching.ch\/Wordpress\/wp-json\/wp\/v2\/pages\/646\/revisions\/749"}],"wp:attachment":[{"href":"https:\/\/astridfasching.ch\/Wordpress\/wp-json\/wp\/v2\/media?parent=646"}],"curies":[{"name":"wp","href":"https:\/\/api.w.org\/{rel}","templated":true}]}}