{"id":84,"date":"2023-12-19T06:00:30","date_gmt":"2023-12-19T05:00:30","guid":{"rendered":"http:\/\/astridfasching.ch\/Wordpress\/?page_id=84"},"modified":"2025-07-22T11:18:07","modified_gmt":"2025-07-22T10:18:07","slug":"astrid-fasching","status":"publish","type":"page","link":"https:\/\/astridfasching.ch\/Wordpress\/","title":{"rendered":"Portrait"},"content":{"rendered":"<h3><a href=\"http:\/\/astridfasching.ch\/Wordpress\/wp-content\/uploads\/2022\/10\/IMG_9929-2.jpg\"><img loading=\"lazy\" decoding=\"async\" class=\"alignnone size-medium wp-image-641\" src=\"http:\/\/astridfasching.ch\/Wordpress\/wp-content\/uploads\/2022\/10\/IMG_9929-2-289x300.jpg\" alt=\"\" width=\"289\" height=\"300\" srcset=\"https:\/\/astridfasching.ch\/Wordpress\/wp-content\/uploads\/2022\/10\/IMG_9929-2-289x300.jpg 289w, https:\/\/astridfasching.ch\/Wordpress\/wp-content\/uploads\/2022\/10\/IMG_9929-2-768x796.jpg 768w, https:\/\/astridfasching.ch\/Wordpress\/wp-content\/uploads\/2022\/10\/IMG_9929-2-988x1024.jpg 988w\" sizes=\"auto, (max-width: 289px) 100vw, 289px\" \/><\/a><\/h3>\n<p>&nbsp;<\/p>\n<h3 style=\"text-align: left; margin-top: 50px;\"><em>Meine Natur<br \/>\n<\/em><\/h3>\n<p>ich bin offen<br \/>\ninteressiert<br \/>\nbegeisterungsf\u00e4hig<br \/>\npositiv denkend<br \/>\ngeduldig<br \/>\nich kann gut zuh\u00f6ren<br \/>\nich bleibe ruhig im Sturm<br \/>\nich m\u00f6chte dahinter sehen<br \/>\nbin hellf\u00fchlend<br \/>\nund tief blickend<br \/>\nstets suchend<\/p>\n<p>&nbsp;<\/p>\n<p>&nbsp;<\/p>\n<h3><em>Meine Ausbildungen und Erfahrungen<\/em><\/h3>\n<p>Als L\u00f6win geboren am 17. August 1972<br \/>\nGl\u00fccklich verheiratet<br \/>\nMama vom erwachsenen Jonas und verstorbenen Janik<\/p>\n<p>Ausbildung zur Pflegefachfrau<br \/>\nBewegungsfachfrau<br \/>\nLangj\u00e4hrige Spitex-Fachfrau mit Spezialgebiet Sterbe-und Trauerbegleitung<br \/>\nTrauer und Sterbefachfrau mit Weiterbildungs-Angeboten, Trauercafe-und Gespr\u00e4chsgruppen-Leitung<br \/>\nRhythmische Einreibung Ausbildung<br \/>\nJin Shin Jyutsu Praktikerin<br \/>\nRitualbegleiterin mit Erfahrung in Abschiedsritualen als Trauerrednerin<br \/>\nDorntherapie Ausbildung<br \/>\nBreuss Massage Ausbildung<br \/>\nManuelle Schmerztherapie Ausbildung<br \/>\nKopfschmerz und Migr\u00e4netherapie<br \/>\nKlassische R\u00fccken und Nackenmassage<br \/>\nIn Ausbildung zur Fussreflexzonentherapeutin<br \/>\nWeiterbildungen in Bachbl\u00fcten, Hom\u00f6opathie, Gewaltfreie und l\u00f6sungsfokussierte Kommunikation und Beratung, Achtsamkeit, Thai Yoga Massage und Tarot Karten legen<\/p>\n<p>&nbsp;<\/p>\n<p>&nbsp;<\/p>\n<h3><em>Ich unterst\u00fctze Sie<br \/>\n<\/em><\/h3>\n<p>bei Verspannungen<br \/>\nwenn Sie an k\u00f6rperlichen Schmerzen leiden<br \/>\nin emotionalen Themen<br \/>\nbei M\u00fcdigkeit und Ersch\u00f6pfung<br \/>\nbei der Gestaltung einer Abschiedsfeier<\/p>\n<p>&nbsp;<\/p>\n<p>&nbsp;<\/p>\n<h3>Kontakt<\/h3>\n<p>Astrid Fasching<br \/>\n079 735 10 67<br \/>\n<a href=\"mailto:info@astridfasching.ch\">info@astridfasching.ch<\/a><\/p>\n","protected":false},"excerpt":{"rendered":"<p>&nbsp; Meine Natur ich bin offen interessiert begeisterungsf\u00e4hig positiv denkend geduldig ich kann gut zuh\u00f6ren ich bleibe ruhig im Sturm ich m\u00f6chte dahinter sehen bin hellf\u00fchlend und tief blickend stets suchend &nbsp; &nbsp; Meine Ausbildungen und Erfahrungen Als L\u00f6win geboren am 17. August 1972 Gl\u00fccklich verheiratet Mama vom erwachsenen Jonas und verstorbenen Janik Ausbildung zur [&hellip;]<\/p>\n","protected":false},"author":1,"featured_media":0,"parent":0,"menu_order":0,"comment_status":"closed","ping_status":"closed","template":"","meta":{"footnotes":""},"class_list":["post-84","page","type-page","status-publish","hentry"],"yoast_head":"<!-- This site is optimized with the Yoast SEO plugin v26.9 - https:\/\/yoast.com\/product\/yoast-seo-wordpress\/ -->\n<title>Portrait - Astrid Fasching<\/title>\n<meta name=\"robots\" content=\"index, follow, max-snippet:-1, max-image-preview:large, max-video-preview:-1\" \/>\n<link rel=\"canonical\" href=\"https:\/\/astridfasching.ch\/Wordpress\/\" \/>\n<meta property=\"og:locale\" content=\"de_DE\" \/>\n<meta property=\"og:type\" content=\"article\" \/>\n<meta property=\"og:title\" content=\"Portrait - Astrid Fasching\" \/>\n<meta property=\"og:description\" content=\"&nbsp; Meine Natur ich bin offen interessiert begeisterungsf\u00e4hig positiv denkend geduldig ich kann gut zuh\u00f6ren ich bleibe ruhig im Sturm ich m\u00f6chte dahinter sehen bin hellf\u00fchlend und tief blickend stets suchend &nbsp; &nbsp; Meine Ausbildungen und Erfahrungen Als L\u00f6win geboren am 17. August 1972 Gl\u00fccklich verheiratet Mama vom erwachsenen Jonas und verstorbenen Janik Ausbildung zur [&hellip;]\" \/>\n<meta property=\"og:url\" content=\"https:\/\/astridfasching.ch\/Wordpress\/\" \/>\n<meta property=\"og:site_name\" content=\"Astrid Fasching\" \/>\n<meta property=\"article:modified_time\" content=\"2025-07-22T10:18:07+00:00\" \/>\n<meta property=\"og:image\" content=\"http:\/\/astridfasching.ch\/Wordpress\/wp-content\/uploads\/2022\/10\/IMG_9929-2-289x300.jpg\" \/>\n<meta name=\"twitter:card\" content=\"summary_large_image\" \/>\n<meta name=\"twitter:label1\" content=\"Gesch\u00e4tzte Lesezeit\" \/>\n\t<meta name=\"twitter:data1\" content=\"1\u00a0Minute\" \/>\n<script type=\"application\/ld+json\" class=\"yoast-schema-graph\">{\"@context\":\"https:\/\/schema.org\",\"@graph\":[{\"@type\":\"WebPage\",\"@id\":\"https:\/\/astridfasching.ch\/Wordpress\/\",\"url\":\"https:\/\/astridfasching.ch\/Wordpress\/\",\"name\":\"Portrait - Astrid Fasching\",\"isPartOf\":{\"@id\":\"https:\/\/astridfasching.ch\/Wordpress\/#website\"},\"primaryImageOfPage\":{\"@id\":\"https:\/\/astridfasching.ch\/Wordpress\/#primaryimage\"},\"image\":{\"@id\":\"https:\/\/astridfasching.ch\/Wordpress\/#primaryimage\"},\"thumbnailUrl\":\"http:\/\/astridfasching.ch\/Wordpress\/wp-content\/uploads\/2022\/10\/IMG_9929-2-289x300.jpg\",\"datePublished\":\"2023-12-19T05:00:30+00:00\",\"dateModified\":\"2025-07-22T10:18:07+00:00\",\"breadcrumb\":{\"@id\":\"https:\/\/astridfasching.ch\/Wordpress\/#breadcrumb\"},\"inLanguage\":\"de\",\"potentialAction\":[{\"@type\":\"ReadAction\",\"target\":[\"https:\/\/astridfasching.ch\/Wordpress\/\"]}]},{\"@type\":\"ImageObject\",\"inLanguage\":\"de\",\"@id\":\"https:\/\/astridfasching.ch\/Wordpress\/#primaryimage\",\"url\":\"https:\/\/astridfasching.ch\/Wordpress\/wp-content\/uploads\/2022\/10\/IMG_9929-2.jpg\",\"contentUrl\":\"https:\/\/astridfasching.ch\/Wordpress\/wp-content\/uploads\/2022\/10\/IMG_9929-2.jpg\",\"width\":2096,\"height\":2173},{\"@type\":\"BreadcrumbList\",\"@id\":\"https:\/\/astridfasching.ch\/Wordpress\/#breadcrumb\",\"itemListElement\":[{\"@type\":\"ListItem\",\"position\":1,\"name\":\"Startseite\",\"item\":\"https:\/\/astridfasching.ch\/Wordpress\/\"},{\"@type\":\"ListItem\",\"position\":2,\"name\":\"Portrait\"}]},{\"@type\":\"WebSite\",\"@id\":\"https:\/\/astridfasching.ch\/Wordpress\/#website\",\"url\":\"https:\/\/astridfasching.ch\/Wordpress\/\",\"name\":\"Astrid Fasching\",\"description\":\"\",\"potentialAction\":[{\"@type\":\"SearchAction\",\"target\":{\"@type\":\"EntryPoint\",\"urlTemplate\":\"https:\/\/astridfasching.ch\/Wordpress\/?s={search_term_string}\"},\"query-input\":{\"@type\":\"PropertyValueSpecification\",\"valueRequired\":true,\"valueName\":\"search_term_string\"}}],\"inLanguage\":\"de\"}]}<\/script>\n<!-- \/ Yoast SEO plugin. -->","yoast_head_json":{"title":"Portrait - Astrid Fasching","robots":{"index":"index","follow":"follow","max-snippet":"max-snippet:-1","max-image-preview":"max-image-preview:large","max-video-preview":"max-video-preview:-1"},"canonical":"https:\/\/astridfasching.ch\/Wordpress\/","og_locale":"de_DE","og_type":"article","og_title":"Portrait - Astrid Fasching","og_description":"&nbsp; Meine Natur ich bin offen interessiert begeisterungsf\u00e4hig positiv denkend geduldig ich kann gut zuh\u00f6ren ich bleibe ruhig im Sturm ich m\u00f6chte dahinter sehen bin hellf\u00fchlend und tief blickend stets suchend &nbsp; &nbsp; Meine Ausbildungen und Erfahrungen Als L\u00f6win geboren am 17. August 1972 Gl\u00fccklich verheiratet Mama vom erwachsenen Jonas und verstorbenen Janik Ausbildung zur [&hellip;]","og_url":"https:\/\/astridfasching.ch\/Wordpress\/","og_site_name":"Astrid Fasching","article_modified_time":"2025-07-22T10:18:07+00:00","og_image":[{"url":"http:\/\/astridfasching.ch\/Wordpress\/wp-content\/uploads\/2022\/10\/IMG_9929-2-289x300.jpg","type":"","width":"","height":""}],"twitter_card":"summary_large_image","twitter_misc":{"Gesch\u00e4tzte Lesezeit":"1\u00a0Minute"},"schema":{"@context":"https:\/\/schema.org","@graph":[{"@type":"WebPage","@id":"https:\/\/astridfasching.ch\/Wordpress\/","url":"https:\/\/astridfasching.ch\/Wordpress\/","name":"Portrait - Astrid Fasching","isPartOf":{"@id":"https:\/\/astridfasching.ch\/Wordpress\/#website"},"primaryImageOfPage":{"@id":"https:\/\/astridfasching.ch\/Wordpress\/#primaryimage"},"image":{"@id":"https:\/\/astridfasching.ch\/Wordpress\/#primaryimage"},"thumbnailUrl":"http:\/\/astridfasching.ch\/Wordpress\/wp-content\/uploads\/2022\/10\/IMG_9929-2-289x300.jpg","datePublished":"2023-12-19T05:00:30+00:00","dateModified":"2025-07-22T10:18:07+00:00","breadcrumb":{"@id":"https:\/\/astridfasching.ch\/Wordpress\/#breadcrumb"},"inLanguage":"de","potentialAction":[{"@type":"ReadAction","target":["https:\/\/astridfasching.ch\/Wordpress\/"]}]},{"@type":"ImageObject","inLanguage":"de","@id":"https:\/\/astridfasching.ch\/Wordpress\/#primaryimage","url":"https:\/\/astridfasching.ch\/Wordpress\/wp-content\/uploads\/2022\/10\/IMG_9929-2.jpg","contentUrl":"https:\/\/astridfasching.ch\/Wordpress\/wp-content\/uploads\/2022\/10\/IMG_9929-2.jpg","width":2096,"height":2173},{"@type":"BreadcrumbList","@id":"https:\/\/astridfasching.ch\/Wordpress\/#breadcrumb","itemListElement":[{"@type":"ListItem","position":1,"name":"Startseite","item":"https:\/\/astridfasching.ch\/Wordpress\/"},{"@type":"ListItem","position":2,"name":"Portrait"}]},{"@type":"WebSite","@id":"https:\/\/astridfasching.ch\/Wordpress\/#website","url":"https:\/\/astridfasching.ch\/Wordpress\/","name":"Astrid Fasching","description":"","potentialAction":[{"@type":"SearchAction","target":{"@type":"EntryPoint","urlTemplate":"https:\/\/astridfasching.ch\/Wordpress\/?s={search_term_string}"},"query-input":{"@type":"PropertyValueSpecification","valueRequired":true,"valueName":"search_term_string"}}],"inLanguage":"de"}]}},"_links":{"self":[{"href":"https:\/\/astridfasching.ch\/Wordpress\/wp-json\/wp\/v2\/pages\/84","targetHints":{"allow":["GET"]}}],"collection":[{"href":"https:\/\/astridfasching.ch\/Wordpress\/wp-json\/wp\/v2\/pages"}],"about":[{"href":"https:\/\/astridfasching.ch\/Wordpress\/wp-json\/wp\/v2\/types\/page"}],"author":[{"embeddable":true,"href":"https:\/\/astridfasching.ch\/Wordpress\/wp-json\/wp\/v2\/users\/1"}],"replies":[{"embeddable":true,"href":"https:\/\/astridfasching.ch\/Wordpress\/wp-json\/wp\/v2\/comments?post=84"}],"version-history":[{"count":77,"href":"https:\/\/astridfasching.ch\/Wordpress\/wp-json\/wp\/v2\/pages\/84\/revisions"}],"predecessor-version":[{"id":750,"href":"https:\/\/astridfasching.ch\/Wordpress\/wp-json\/wp\/v2\/pages\/84\/revisions\/750"}],"wp:attachment":[{"href":"https:\/\/astridfasching.ch\/Wordpress\/wp-json\/wp\/v2\/media?parent=84"}],"curies":[{"name":"wp","href":"https:\/\/api.w.org\/{rel}","templated":true}]}}